
-42314114
In base 11, what is -60 + 7946?
7896
In base 8, what is 41726555 - 57?
41726476
In base 2, what is 1011000001000110000010 + 1011?
1011000001000110001101
In base 13, what is 6b649831 + -1?
6b649830
In base 8, what is 211 - -46737?
47150
In base 16, what is 13fa4cc - -2?
13fa4ce
In base 16, what is 6f - 2917a?
-2910b
In base 3, what is -11211 + -121111110?
-121200021
In base 13, what is -224074c + 3?
-2240749
In base 4, what is -11102332 + -3321?
-11112313
In base 14, what is 437 + -1194?
-b5b
In base 13, what is -3 - -9b5098?
9b5095
In base 15, what is 0 - 76ab5e?
-76ab5e
In base 2, what is 101001010 - -110111011100001?
111000000101011
In base 14, what is 703947 + 28?
703971
In base 10, what is 8950 - -2286?
11236
In base 13, what is -5c - -36928?
36899
In base 14, what is -2b6 - -1455?
117d
In base 12, what is 1b302 - -225a?
21560
In base 15, what is -3 - 25694a4?
-25694a7
In base 6, what is -45503 - -401?
-45102
In base 11, what is -285 - 26108?
-26392
In base 6, what is 51011 + 10055?
101110
In base 16, what is 3 - -26781b?
26781e
In base 14, what is -3 - 47ca3bb?
-47ca3c0
In base 12, what is -1 + 609a3a?
609a39
In base 5, what is -14121413011 - 10?
-14121413021
In base 9, what is 1856 - -621144?
623111
In base 3, what is 10101111 + 1120212?
11222100
In base 10, what is -3383360 - -5?
-3383355
In base 7, what is 13511465 + 35?
13511533
In base 6, what is -1034 - 144502011?
-144503045
In base 5, what is 314030322 - 1210?
314024112
In base 10, what is -7 + 15471887?
15471880
In base 16, what is -16827 - 27?
-1684e
In base 14, what is -b8 + d7d05?
d7c2b
In base 15, what is 3a2a7 - 6e?
3a238
In base 12, what is 172 + -7249?
-7097
In base 15, what is -21ea - -2e7?
-1e03
In base 3, what is 10 - -122102002211110?
122102002211120
In base 11, what is -a2311 - 32?
-a2343
In base 5, what is -104 - -102022?
101413
In base 15, what is -86b15 + -340?
-86e55
In base 14, what is -4 - -b5a77c?
b5a778
In base 9, what is -6076 + 82882?
75805
In base 3, what is 2000201 + 2000222210?
2010000111
In base 3, what is -201111 - 122200102?
-200101220
In base 14, what is -d3a23 + -6?
-d3a29
In base 6, what is 2 - 542114352?
-542114350
In base 10, what is 26067 + -2393?
23674
In base 14, what is -2 - 20a218?
-20a21a
In base 13, what is 28a9b8 + 3a?
28aa25
In base 10, what is -308 - -384437?
384129
In base 12, what is -544621 - -9?
-544614
In base 10, what is 21 + 5676144?
5676165
In base 12, what is 22924 + -48?
22898
In base 4, what is -10102 - 2121301111?
-2121311213
In base 3, what is 0 - -2200101101002?
2200101101002
In base 5, what is 43200214 - -140?
43200404
In base 5, what is 20123114 - -20?
20123134
In base 4, what is 10 - 1120010222220?
-1120010222210
In base 3, what is 12 + -12110211202021?
-12110211202002
In base 8, what is 0 - 26143142?
-26143142
In base 6, what is 1300501215 - 4?
1300501211
In base 6, what is 123154330 + -33?
123154253
In base 12, what is 1 + -34b6958?
-34b6957
In base 3, what is -12 - 2011101110220202?
-2011101110220221
In base 13, what is -1b1c9101 + 2?
-1b1c90cc
In base 15, what is e9a49 + 17?
e9a61
In base 4, what is 3232130 - -112200?
10010330
In base 16, what is 7afec + 3d?
7b029
In base 9, what is 24 - 20145423?
-20145388
In base 2, what is -101101110100011010101 - -1010?
-101101110100011001011
In base 16, what is -57c0440 - 4?
-57c0444
In base 8, what is -3106047070 + 1?
-3106047067
In base 6, what is -21515034 - 21?
-21515055
In base 16, what is -328 - -154b?
1223
In base 16, what is 2455 - 89a?
1bbb
In base 13, what is -12 + 103457c?
103456a
In base 15, what is 3 + -c05073?
-c05070
In base 8, what is 26 + 677376?
677424
In base 2, what is 1010110000000 - -11010101001?
1110000101001
In base 12, what is -3 + -2156648?
-215664b
In base 4, what is -12113021103 - 20?
-12113021123
In base 7, what is -346 - -3344512?
3344133
In base 12, what is 673516b + 10?
673517b
In base 16, what is 7 - -286084?
28608b
In base 3, what is 202011200 + 101221002?
1011002202
In base 10, what is 2724427 + 16?
2724443
In base 3, what is -1200000021 - -2020011?
-1120210010
In base 6, what is -35 - 4105352?
-4105431
In base 3, what is -2212 - 201001110122?
-201001120111
In base 8, what is 5312620 - 75?
5312523
In base 3, what is 21 - -1120011110211?
1120011111002
In base 10, what is -307 - -117047?
116740
In base 8, what is 1072413 - -50?
1072463
In base 2, what is -11111111001001111 - 10101?
-11111111001100100
In base 7, what is -16034 + -25403?
-44440
In base 2, what is 10 + 110101110101101001110?
110101110101101010000
In base 13, what is 3 + -cc6918?
-cc6915
In base 7, what is 6004 + 2212?
11216
In base 14, what is -6178 - 184?
-631c
In base 9, what is 27 + -417654?
-417626
In base 11, what is -1462554 + 55?
-14624aa
In base 13, what is 469 + 2833?
2c9c
In base 2, what is -1000110100000 + 1110111101?
-110111100011
In base 4, what is 12 - 11121131223000?
-11121131222322
In base 10, what is -2 + 5163730?
5163728
In base 11, what is 6 + -592a5693?
-592a5688
In base 16, what is 16 - 783c?
-7826
In base 13, what is 36443 + 25?
36468
In base 5, what is 4210113 - 41043?
4114020
In base 11, what is 3147 + -151?
2aa6
In base 5, what is 23342203221 - 0?
23342203221
In base 13, what is -121a2b + 254?
-1217a7
In base 16, what is -e750 + 129?
-e627
In base 6, what is -3204303023 + -4?
-3204303031
In base 9, what is -4 - 25218753?
-25218757
In base 10, what is 881 + -32898?
-32017
In base 9, what is 73005567 + -4?
73005563
In base 4, what is -102001 + -32131000?
-32233001
In base 6, what is -542222 - -221?
-542001
In base 15, what is -26d0bd - 5?
-26d0c3
In base 16, what is -49564 + -2a?
-4958e
In base 15, what is -5b7a6 - -3c4?
-5b3d2
In base 15, what is -9 - 293ae9?
-293b03
In base 3, what is 112211 - 1220200?
-1100212
In base 16, what is 122 - -295e5?
29707
In base 4, what is -2020013203 + 231?
-2020012312
In base 5, what is 332410 + -1143422?
-311012
In base 13, what is 146b30 - -c34?
147a64
In base 5, what is -3 - -24041430022?
24041430014
In base 13, what is -a6c + -13b99?
-14938
In base 13, what is -22084aa - 0?
-22084aa
In base 2, what is -1000111 + 10110001111000001001?
10110001110111000010
In base 12, what is -6643 - -2208?
-4437
In base 6, what is -12314123 + -2350?
-12320513
In base 3, what is -2121111120211 + -12?
-2121111121000
In base 16, what is 99 + -2f9f0?
-2f957
In base 10, what is 12178 - 550?
11628
In base 9, what is 2366 + -23305?
-20828
In base 15, what is 1e71b + 3d9?
1eb05
In base 4, what is 1333100022 - -222233?
1333322321
In base 2, what is 10001 - 110010010001000?
-110010001110111
In base 10, what is -57716735 - -1?
-57716734
In base 12, what is -27866 - -17bb?
-26067
In base 10, what is 3 - 200092?
-200089
In base 16, what is a44f - -33c?
a78b
In base 2, what is 1010110101101001100111110 - -11?
1010110101101001101000001
In base 5, what is 3 - -1102142333?
1102142341
In base 4, what is -100123013002 - 2130?
-100123021132
In base 3, what is 220200 + -112110012?
-111112112
In base 15, what is a + -18908?
-188ed
In base 5, what is -100431300 - -1332?
-100424413
In base 14, what is 3c3 - -5ad50?
5b333
In base 11, what is -11408 + 20a?
-111a9
In base 9, what is 32415 + -4161?
27244
In base 14, what is -1718b90 + 5?
-1718b89
In base 10, what is 377 - -19736?
20113
In base 14, what is -1a4c + -182?
-1bd0
In base 7, what is -5135606 - -114?
-5135462
In base 5, what is 2004 + -134434110?
-134432101
In base 11, what is 149076 + 1?
149077
In base 9, what is 22 - 443547?
-443525
In base 2, what is -10000 - -11001010110001011010?
11001010110001001010
In base 8, what is -4246733 + 6?
-4246725
In base 11, what is 81002 + -aa3?
8000a
In base 9, what is 3545277 - 32?
3545245
In base 15, what is -2ec6 - 1db?
-31b2
In base 3, what is -11 - 2220200021220121?
-2220200021220202
In base 13, what is 81 - 22a3bc?
-22a33b
In base 3, what is -1212122102 - -2110?
-1212112222
In base 3, what is 10012002120202112 + -101?
10012002120202011
In base 2, what is 1010110001100110001 + 10011100?
1010110001111001101
In base 9, what is 68 + -81388?
-81320
In base 7, what is 555020553 - -5?
555020561
In base 14, what is 248d2 - 184?
2474c
In base 16, what is -12bd + -d0de?
-e39b
In base 8, what is -66744 - -406?
-66336
In base 10, what is 46 + 3605757?
3605803
In b